multiple of 41?
False
Is 15 a factor of 536955?
True
Does 23 divide 185362?
False
Does 23 divide 1496857?
False
Is 764 a factor of 11878413?
False
Is 435778 a multiple of 254?
False
Is 414 a factor of 479412?
True
Is 195001 a multiple of 189?
False
Is 302 a factor of 78543?
False
Does 62 divide 1834599?
False
Is 509 a factor of 1195132?
True
Does 34 divide 2406554?
True
Is 19 a factor of 26331800?
False
Is 276 a factor of 1627848?
True
Is 5835242 a multiple of 284?
False
Is 3519684 a multiple of 36?
True
Does 166 divide 45154?
False
Is 3829046 a multiple of 221?
True
Is 2379 a multiple of 13?
True
Is 34 a factor of 14681030?
True
Is 77 a factor of 528220?
True
Does 2 divide 37714?
True
Is 620514 a multiple of 124?
False
Is 1362 a factor of 1494173?
False
Is 23 a factor of 1813688?
True
Is 295 a factor of 6855681?
False
Is 5852949 a multiple of 940?
False
Is 334344 a multiple of 39?
False
Does 65 divide 27447568?
False
Does 50 divide 48136?
False
Is 492 a factor of 2676972?
True
Is 30 a factor of 134640?
True
Does 77 divide 218526?
True
Is 6094806 a multiple of 6?
True
Is 208351 a multiple of 4?
False
Is 4644258 a multiple of 282?
True
Is 199295 a multiple of 2?
False
Is 462555 a multiple of 541?
True
Is 1058 a factor of 14741114?
True
Does 29 divide 10121?
True
Does 52 divide 104883?
False
Is 30576 a multiple of 112?
True
Does 14 divide 370356?
True
Is 6 a factor of 66690?
True
Does 18 divide 53604?
True
Is 129486 a multiple of 42?
True
Does 29 divide 250631?
False
Is 134 a factor of 1013681?
False
Is 125129 a multiple of 48?
False
Is 1255 a factor of 272335?
True
Is 59813 a multiple of 13?
True
Is 26 a factor of 271512?
False
Is 110544 a multiple of 22?
False
Is 1971984 a multiple of 28?
True
Is 29 a factor of 27869?
True
Is 1131140 a multiple of 20?
True
Does 99 divide 18018?
True
Is 231 a factor of 3122327?
False
Is 10 a factor of 49780?
True
Is 123 a factor of 1153125?
True
Is 46952 a multiple of 8?
True
Does 102 divide 313548?
True
Is 153 a factor of 15017?
False
Is 592568 a multiple of 4?
True
Is 20 a factor of 354140?
True
Does 6 divide 1760882?
False
Does 235 divide 1614450?
True
Is 97 a factor of 157722?
True
Does 50 divide 12033600?
True
Is 29983 a multiple of 69?
False
Is 89865 even?
False
Is 33 a factor of 43652?
False
Is 39 a factor of 126634?
False
Is 2659300 a multiple of 1310?
True
Does 83 divide 12516680?
False
Does 67 divide 1641293?
False
Does 65 divide 4780109?
False
Is 10320272 a multiple of 496?
True
Is 19 a factor of 17120?
False
Is 108 a factor of 135206?
False
Does 7 divide 31395?
True
Does 425 divide 1743350?
True
Is 9 a factor of 801163?
False
Does 53 divide 55784?
False
Is 69 a factor of 1119372?
False
Does 59 divide 6262732?
True
Does 76 divide 5881651?
False
Does 23 divide 12066513?
True
Does 203 divide 11528979?
True
Does 54 divide 12305?
False
Does 13 divide 238424?
False
Is 204 a factor of 94031?
False
Does 9 divide 450936?
True
Is 315810 a multiple of 165?
True
Is 15 a factor of 684161?
False
Is 450272 a multiple of 185?
False
Is 476234 a multiple of 11?
True
Is 313198 a multiple of 21?
False
Does 500 divide 3484500?
True
Is 27 a factor of 394224?
False
Is 6 a factor of 69591?
False
Does 1260 divide 4670820?
True
Does 6 divide 47602?
False
Is 2569019 a multiple of 330?
False
Is 757746 a multiple of 258?
True
Does 4 divide 517792?
True
Is 5596740 a multiple of 620?
True
Does 24 divide 1372176?
True
Does 4 divide 3844?
True
Is 274233 a multiple of 38?
False
Is 312 a factor of 1210299?
False
Is 70348 a multiple of 141?
False
Is 3545820 a multiple of 18?
True
Does 7 divide 1840516?
False
Is 356337 a multiple of 71?
False
Does 65 divide 18875870?
True
Is 13 a factor of 197353?
True
Is 1398 a factor of 13610219?
False
Is 46500 a multiple of 84?
False
Is 417 a factor of 6038085?
False
Is 2196316 a multiple of 11?
False
Does 70 divide 98770?
True
Is 1384425 a multiple of 41?
False
Is 739692 a multiple of 352?
False
Is 820826 a multiple of 25?
False
Does 397 divide 123694?
False
Does 168 divide 915325?
False
Is 3810108 a multiple of 12?
True
Is 11 a factor of 15607009?
True
Is 178 a factor of 110150?
False
Is 6438439 a multiple of 37?
False
Does 27 divide 70794?
True
Is 2943215 a multiple of 34?
False
Is 42669 a multiple of 3?
True
Is 15288 a multiple of 196?
True
Is 490 a factor of 24224856?
False
Is 8083060 a multiple of 188?
True
Is 18 a factor of 1856929?
False
Is 20 a factor of 2156960?
True
Does 4 divide 13012?
True
Does 80 divide 262966?
False
Is 390543 a multiple of 29?
True
Is 515418 a multiple of 6?
True
Is 604103 a multiple of 5?
False
Is 467 a factor of 540662?
False
Is 31 a factor of 7875116?
True
Is 4429299 a multiple of 17?
True
Is 7374396 a multiple of 444?
True
Is 10960 a multiple of 18?
False
Is 2102247 a multiple of 9?
True
Is 911 a factor of 17637510?
False
Is 501 a factor of 1085166?
True
Is 203 a factor of 8715056?
False
Is 126 a factor of 167073?
False
Does 222 divide 63581?
False
Is 1093 a factor of 6762391?
True
Does 28 divide 62449?
False
Does 9 divide 67167?
True
Does 73 divide 212649?
True
Is 16896 a multiple of 11?
True
Is 35 a factor of 670635?
True
Is 131878 a multiple of 3?
False
Is 97214 a multiple of 52?
False
Is 92 a factor of 2557416?
True
Does 70 divide 147944?
False
Does 91 divide 265443?
False
Is 24 a factor of 1109862?
False
Is 181 a factor of 508663?
False
Is 4 a factor of 209308?
True
Does 55 divide 4267365?
False
Does 4 divide 1274945?
False
Does 266 divide 65802?
False
Is 137 a factor of 75624?
True
Does 495 divide 97849?
False
Does 391 divide 3938695?
False
Is 1146848 a multiple of 74?
False
Is 54 a factor of 202500?
True
Is 450081 a multiple of 3?
True
Is 372 a factor of 440076?
True
Does 28 divide 11846044?
True
Is 27 a factor of 293544?
True
Is 14674000 a multiple of 2000?
True
Is 1541976 a multiple of 12?
True
Does 27 divide 993783?
False
Does 1016 divide 1121664?
True
Is 871095 a multiple of 14?
False
Is 1821996 a multiple of 22?
True
Is 90 a factor of 132300?
True
Is 40584 a multiple of 16?
False
Does 287 divide 1837661?
True
Does 9 divide 1282694?
False
Does 75 divide 433125?
True
Is 482827 a multiple of 41?
False
Does 500 divide 1763085?
False
Is 13688573 a multiple of 221?
False
Is 2694009 a multiple of 993?
True
Is 954172 a multiple of 113?
True
Is 11544674 a multiple of 81?
False
Is 52 a factor of 140127?
False
Is 23 a factor of 4084915?
True
Is 15 a factor of 477765?
True
Is 6881712 a multiple of 13?
False
Is 24 a factor of 1265448?
True
Is 13 a factor of 3194113?
True
Does 218 divide 12296?
False
Is 1208 a factor of 3337704?
True
Does 21 divide 645792?
True
Does 35 divide 1760583?
False
Does 11 divide 167262?
False
Is 321888 a multiple of 35?
False
Is 4207600 a multiple of 1072?
True
Does 324 divide 279612?
True
Is 124895 a multiple of 109?
False
Is 108048 a multiple of 12?
True
Is 196 a factor of 434336?
True
Is 454 a factor of 357107?
False
Does 130 divide 1169740?
True
Is 41 a factor of 10291?
True
Is 75 a factor of 397018?
False
Does 16 divide 1625764?
False
Does 3 divide 109949?
False
Is 59 a factor of 27376?
True
Is 70 a factor of 162437?
False
Does 529 divide 1646777?
True
Is 174 a factor of 4215?
False
Is 37 a factor of 379221?
False
Is 20 a factor of 656806?
False
Does 17 divide 105859?
True
Is 966252 a multiple of 6?
True
Does 185 divide 15540?
True
Is 10524 a multiple of 26?
False
Is 49 a factor of 23743141?
False
Is 569963 a multiple of 49?
False
Is 3 a factor of 1247106?
True
Does 8 divide 9027?
False
Is 204137 a multiple of 17?
False
Is 4026365 a multiple of 17?
True
Does 27 divide 740124?
True
Does 236 divide 238124?
True
Is 3740297 a multiple of 280?
False
Does 90 divide 4486680?
True
Does 1254 divide 8504628?
True
Is 3 a factor of 3765?
True
Is 20 a factor of 634192?
False
Is 15 a factor of 13962331?
False
Is 33213040 a multiple of 254?
True
Does 160 divide 2352800?
True
Is 116 a factor of 98600?
True
Is 7824509 a multiple of 11?
True
Does 11 divide 204943?
False
Is 1348960 a multiple of 77?
False
Does 19 divide 1443916?
False
Is 40716 a multiple of 783?
True
Does 49 divide 645367?
False
Is 11 a factor of 44390?
False
Is 13 a factor of 47498?
False
Does 19 divide 8295734?
False
Is 105136 a multiple of 716?
False
Is 123835 a multiple of 35?
